git of c?
9
Suppose 2*z - 10 = -3*z. What is the tens digit of 11 - (-1 - 0 - z)?
1
Let b be 6/27 + (-140)/(-18). Suppose 0 = -b*v + 3*v + 75. Suppose -5*w + 2*w + v = 0. What is the units digit of w?
5
Let h(j) = 29*j - 1. Let x(s) = -s. Let p(q) = h(q) + 2*x(q). Let y be p(1). Suppose 44 = 4*o - 4*l, -2*o - 3*l = -y - 16. What is the tens digit of o?
1
Let h(f) be the first derivative of f**4/4 - f**3/3 + f**2 - f - 10. Suppose 0 = 2*i + 3*i - 5. What is the units digit of h(i)?
1
Suppose 3*o = 2*v - 0*o - 87, 3*o + 132 = 3*v. What is the units digit of v?
5
Let p = -44 - -60. What is the units digit of p?
6
Suppose -4*i - 16 = 0, 3*i = -z - i + 137. Suppose 23 = -5*b + z. What is the tens digit of b?
2
Let y = -388 - -557. What is the hundreds digit of y?
1
Suppose 4*g - d = -21, 9 + 15 = -2*g - 4*d. What is the units digit of (3/g)/((-1)/94)?
7
Let l = -25 - -94. What is the units digit of l?
9
What is the tens digit of (30/(-12))/(3/(-18))?
1
Let x be (-4)/(-3)*(-9)/(-6). Suppose -5*w + 2*c = -10, -w - 5*c = -0*w - x. What is the units digit of w?
2
Suppose -4*l - 24 = -8*l. What is the tens digit of 4/l - 343/(-21)?
1
Suppose 0 = 4*p - 3*p + 2. Let k = p + -1. What is the units digit of (16/3 + k)*3?
7
Suppose 0*q = 3*z + 5*q - 308, -5*z - 5*q + 510 = 0. What is the units digit of z?
1
Let t(o) = -8 + 6 - 11 - o. Let v be t(-9). What is the units digit of ((-30)/v)/(9/12)?
0
Suppose 0*w + w = 4*u + 18, -w + 50 = 4*u. Suppose 4*o = w + 6. What is the tens digit of o?
1
Let m(l) = 5*l + 2. What is the tens digit of m(9)?
4
Suppose 4*x - 200 = -4*o - 0*x, -3*o + 120 = -3*x. Suppose -o = -9*w + 8*w. What is the units digit of w?
5
Suppose -3*s + 4*s - 77 = 0. What is the tens digit of 3094/s - 2/11?
4
Suppose 0 = -4*a + 146 + 122. What is the tens digit of a?
6
Let p be (40/6)/((-1)/(-3)). Suppose u + 2*d + 2*d + p = 0, -5*u + 2*d + 10 = 0. Suppose u*a = a - 12. What is the units digit of a?
2
What is the hundreds digit of 8/(-4)*(-58*1 + -3)?
1
Let l = 55 + -25. Let m = -17 + l. What is the units digit of m?
3
Suppose 40 + 29 = 3*t. What is the tens digit of t?
2
Suppose -2*i - 7 = -2*v + 19, 9 = -3*i - 3*v. Let q(k) = 6*k + 3. Let w(h) = -7*h - 4. Let y(g) = -6*q(g) - 5*w(g). What is the units digit of y(i)?
0
Let o(k) = -7*k - 1. Let t(j) = -8*j - 1. Let b(d) = 6*o(d) - 5*t(d). What is the units digit of b(-3)?
5
Let v(u) = 22*u - 24. Let p be (-63)/(-4) - (-2)/8. Let t(m) = 7*m - 8. Let b(a) = p*t(a) - 5*v(a). What is the units digit of b(6)?
4
Let a be (-2)/(-3)*3 + -32. Suppose 14 = -i - 0*i + 4*s, 5*i - 26 = -4*s. What is the units digit of i + 0 - a/2?
7
Let p = 11 + 75. What is the tens digit of p?
8
Let t = -5 + 6. Suppose 0 = d - 2*h - 5, -t = -3*d - 4*h - 26. What is the units digit of 12 + d + (-2 - 0)?
7
Let o be 0*(-2 - -3) + 0. Suppose 9*f - 5*f - 76 = o. What is the tens digit of f?
1
Let r(f) = -2*f**2 + 9*f**2 - 1 + f**2. Let j be (-1)/(3/(2 - 5)). What is the units digit of r(j)?
7
Let z(m) = -4*m**3 - 8*m**2 - 6*m + 1. Let j(l) = l**3 + l**2 + l + 1. Let d(p) = -3*j(p) - z(p). What is the units digit of d(-3)?
5
Let d(o) = o**2 + 5*o + 2. Let f be d(-5). Suppose -3*q + 10 + f = 0. Suppose q*z - 22 - 6 = 0. What is the units digit of z?
7
Let n(i) be the third derivative of i**5/60 - 5*i**4/24 - 5*i**3/6 - 4*i**2. What is the units digit of n(7)?
9
Let d(v) = -1 + 5*v**2 + 6*v**3 + v + 3*v - 5*v**3. What is the units digit of d(-3)?
5
Let l(c) = -c**3 - 6*c**2 + 2*c + 7. Let j be l(-6). Let t(d) = -d**2. Let u(z) = 2*z**2 + 2*z - 1. Let q(f) = j*t(f) + u(f). What is the units digit of q(1)?
8
Suppose 0 = 2*u + 6 + 4. Let v(z) be the second derivative of -z**4/12 - z**3 - z**2/2 - z. What is the units digit of v(u)?
4
Let m = -8 + 6. Let j = m - -7. Suppose 0 = -0*l + j*l - 20, -2*y + 8 = -l. What is the units digit of y?
6
Let k be 2/4 - 5/(-2). Suppose -6*c - 12 = 24. Let a = k - c. What is the units digit of a?
9
Let u be ((-2)/4)/(3/(-6)). Let t be (0 - -6) + -2 - u. Suppose 0 = -o - t*o + 24. What is the units digit of o?
6
Let w = 256 - 113. What is the tens digit of w?
4
Let w = -10 - -61. What is the units digit of w?
1
Let k = 30 + 32. Suppose k = -2*s + 162. What is the tens digit of s?
5
Let n be 6/(-3 - -6) + 6. What is the units digit of 64/6 - n/12?
0
Let d = 778 + -401. What is the units digit of d?
7
Let z = 105 + -53. What is the tens digit of z?
5
Suppose -7*r - 7*r + 2436 = 0. What is the units digit of r?
4
Suppose 0 = 4*w - 12, -4*w - 28 = -5*q. What is the units digit of q?
8
Let x(n) be the second derivative of -n**5/20 + 3*n**4/4 + n**2/2 + 2*n. Let l be x(9). Let u = l + 5. What is the units digit of u?
6
Let g(k) = k + 11. Suppose -3*c = -3*z - 15, -3*z + 6 = 2*c + 46. What is the units digit of g(z)?
1
Suppose 204 = -3*a + 48. What is the units digit of a/10*(-6 + 1)?
6
What is the tens digit of (-8)/12 + (-3)/((-18)/64)?
1
Suppose 5*f = 3*n - 2*n + 75, -69 = -4*f - n. Suppose 2*v - f = 3*d, -2*d = -5*v - 0*v + 62. What is the units digit of v?
4
Let j be (-1 + -1)/((-4)/12). Let m(o) = j + 0 - 2*o - o**3 - 5 - 4*o**2. What is the units digit of m(-4)?
9
Let u = 16 - 8. Suppose 4*d + u*i - 96 = 4*i, 0 = -4*i - 4. What is the tens digit of d?
2
Let b = -11 - -178. What is the units digit of b?
7
Let l be 26/(-6) - (-4)/(-6). Suppose 5*m - 7 = -3*z, z + z = -m. Let k = m - l. What is the units digit of k?
7
Suppose 78 = d - 14. What is the tens digit of d?
9
Let p(u) = u**2 - 6*u + 3. Let n be p(9). Suppose 0 = -3*i + 2*k + 45, 4*k = 2*i + 7*k - n. What is the tens digit of i?
1
Let q be (1 + -2)*-1 - -1. Let g(p) = 18 + q*p - 4 - p. What is the units digit of g(-6)?
8
Let i = 2 - -2. Suppose -3*z = 3*h - 3 - 6, -4 = 2*h + i*z. What is the units digit of h?
8
What is the units digit of (-18)/(-12) - (1 + (-195)/2)?
8
Let v(j) = -2*j**2 + 14*j + 7. What is the units digit of v(7)?
7
What is the units digit of 6*(-51)/9*-1?
4
Suppose -u - 2*u = -288. Suppose 280 = 5*o + 5*b, 3*b + u + 60 = 3*o. Suppose -4*y = 3*f - 46, 3*y = 5*f + 4*y - o. What is the tens digit of f?
1
Let c be 2 - -9 - 2/2. Let d(g) = g**3 - 10*g**2 - g - 6. Let x be d(c). What is the tens digit of 60/x*8/(-3)?
1
Let f(n) = n**2 + 5*n - 15. What is the tens digit of f(-14)?
1
What is the units digit of (-60)/(-9) - 6/(-18)?
7
Suppose 10 = -2*x + 4*v, 2*v = 7 + 3. Let s(z) = 7*z**2 - 1 - 10*z - x + z**3 - 4. What is the units digit of s(-8)?
6
Suppose d - 4*d + 36 = 0. Let k = -4 + d. What is the units digit of k?
8
Let s(f) = -6*f + 3. What is the units digit of s(-4)?
7
Let f be -2*1 + 1*18. Suppose k - 5 = -0*k. Suppose f = -s + k*s. What is the units digit of s?
4
Suppose -2*q - 9 = -5*q. Suppose -2*p + 3 + 13 = q*y, 4*y = -8. Suppose 0 = -v - 3*i - p, 3*v - 6 - 16 = 2*i. What is the units digit of v?
4
Let b(w) = -3*w + 7 + 0*w - 4*w + w**2 + 0*w**2. What is the units digit of b(6)?
1
Suppose -5*t = -15, 127 = 3*i + 3*t - 47. What is the tens digit of i?
5
Let u be 2/(-4)*-6 + 29. Suppose -i + 5*i + u = 0. Let y = -4 - i. What is the units digit of y?
4
Suppose -h + 31 = -40. What is the tens digit of h?
7
Suppose 4*q + 4 = -4*r, -3*r + 2*r + 8 = 4*q. What is the units digit of q?
3
Suppose -2*r - 46 = -u + r, 3*r = -5*u + 140. What is the units digit of u?
1
Suppose 5*p - 13 = 87. What is the tens digit of p?
2
Let m = 1 - 0. Let g be m/(0 - (-1 - -2)). What is the units digit of (-6 - -4)*(-5 - g)?
8
Suppose -11 + 35 = 3*u. Let d = u + 4. What is the tens digit of d?
1
Suppose 29 = 5*g - 36. What is the tens digit of g?
1
Let j(o) be the third derivative of -o**5/60 - o**4/8 + 5*o**3/6 + 3*o**2. What is the units digit of j(-4)?
1
Let n(d) = 3*d**3 + 32*d**2 - 30*d - 22. Let g(j) = 2*j**3 + 21*j**2 - 20*j - 15. Let h(b) = -8*g(b) + 5*n(b). What is the units digit of h(-9)?
1
Suppose 0*o + 302 = 5*h + 3*o, -186 = -3*h - 3*o. What is the units digit of h?
8
Suppose -2*c = -3*w + 171, -239 = -0*w - 4*w - c. What is the tens digit of w?
5
Suppose -37 - 41 = -6*c. Suppose 12*u + 31 = c*u. What is the tens digit of u?
3
Let m(i) = -20*i + 4. What is the units digit of m(-3)?
4
Let l be 1 + 38/2 + -3. Suppose 41 - l = -3*c. What is the tens digit of (-40)/3*12/c?
2
Suppose 0 = r + 4 - 3. Let l(f) = -70*f**3 - f**2 - 2*f - 1. Le